{"id":29380,"date":"2018-05-29T09:46:26","date_gmt":"2018-05-29T09:46:26","guid":{"rendered":"https:\/\/www.sportlandmagazine.com\/est\/?page_id=29380"},"modified":"2018-05-29T10:07:29","modified_gmt":"2018-05-29T10:07:29","slug":"privaatsuspoliitika","status":"publish","type":"page","link":"https:\/\/sportland.ee\/magazine\/privaatsuspoliitika\/","title":{"rendered":"Privaatsuspoliitika"},"content":{"rendered":"<ol>\n<li><strong>SISSEJUHATUS<\/strong>\n<ul>\n<li>Tere tulemast tutvuma Sportlandi privaatsuspoliitikaga. K\u00e4esolev privaatsuspoliitika kirjeldab, kuidas Sportland International Group AS (registrikood 10993195, aadress P\u00e4rnu mnt 142a, Tallinn 11317 ) ja meiega samasse gruppi kuuluvad ettev\u00f5tted (Sportland Eesti AS, registrikood 10677712) (edaspidi nimetatud kui \u201e<strong>Sportland<\/strong>\u201c) kogub ja t\u00f6\u00f6tleb isikuandmeid, mida Sportland saab oma klientidelt ning isikutelt, kes k\u00fclastavad Sportlandi kaupluseid v\u00f5i veebilehte (edaspidi ka \u201e<strong>andmesubjekt<\/strong>\u201c, v\u00f5i \u201e<strong>Teie<\/strong>\u201c).<\/li>\n<li>Isikuandmed t\u00e4hendavad mistahes andmeid tuvastatud v\u00f5i tuvastatava f\u00fc\u00fcsilise isiku ehk andmesubjekti kohta. T\u00f6\u00f6tlemine t\u00e4hendab isikuandmetega tehtavat igasugust toiming n\u00e4iteks kogumist, salvestamist, muutmist, kasutamist, vaatamist, kustutamist v\u00f5i h\u00e4vitamist.<\/li>\n<li>Teie isikuandmete vastutav t\u00f6\u00f6tleja on Sportland International Group AS v\u00f5i muu Sportlandi gruppi kuuluv \u00e4ri\u00fching, kelle poole Te konkreetsel juhul kauba ostmiseks v\u00f5i teenuse saamiseks p\u00f6\u00f6rdute.<\/li>\n<li>Palun tutvuge privaatsuspoliitikaga hoolikalt. K\u00fcsimuste v\u00f5i taotluste korral v\u00f5tke Sportlandiga \u00fchendust allpool peat\u00fckis \u201eKontakt\u201c toodud kontaktandmetel.<\/li>\n<\/ul>\n<\/li>\n<li><strong>MILLAL ME ISIKUANDMEID T\u00d6\u00d6TLEME?<\/strong>\n<ul>\n<li>Kui k\u00fclastate Sportlandi kauplusi ja ostate Sportlandi tooteid v\u00f5i kasutate Sportlandi teenuseid olles liitunud Sportlandi lojaalsusprogrammiga, v\u00f5ib Sportland t\u00f6\u00f6delda Teie j\u00e4rgmisi andmeid, sealhulgas isikuandmeid:\n<ul>\n<li>ees- ja perekonnanimi;<\/li>\n<li>kontaktandmed (e-posti aadress ja\/v\u00f5i telefoninumber);<\/li>\n<li>tehinguga seotud info (tehingu aeg, ostetud kaup, hind, makseinfo jms).<\/li>\n<\/ul>\n<\/li>\n<\/ul>\n<\/li>\n<\/ol>\n<ul>\n<li>Sportlandi lojaalsusprogrammiga liitumisel v\u00f5i kui Sportlandi J\u00e4relmaksu taotlemisel, peab Sportland koguma Teilt t\u00e4iendavaid andmeid. Sellisel juhul v\u00f5ib Sportland vastavalt vajadusele t\u00f6\u00f6delda ka Teie j\u00e4rgmisi andmeid, sealhulgas isikuandmeid:\n<ul>\n<li>ID-kaardi v\u00f5i muu isikut t\u00f5endava dokumendi andmed (dokumendi number, isikukood);<\/li>\n<li>sissetuleku ning makseh\u00e4iretega seonduv info;<\/li>\n<li>arvelduskonto ja panga andmed.<\/li>\n<\/ul>\n<\/li>\n<li>Kui kandideerite Sportlandi t\u00f6\u00f6le Sportlandi veebilehel oleva kandideerimisvormi kaudu v\u00f5i v\u00f5ttes Sportlandiga muud moodi \u00fchendust, v\u00f5ib Sportland t\u00f6\u00f6delda j\u00e4rgmisi Teie andmeid, sealhulgas isikuandmeid:<\/li>\n<\/ul>\n<ul>\n<li>ees- ja perekonnanimi;<\/li>\n<li>e-posti aadress ja telefoninumber;<\/li>\n<li>eelistatud t\u00f6\u00f6piirkonnad;<\/li>\n<li>CV-s avaldatud info;<\/li>\n<li>Muu Teie poolt meile kandideerimisprotsessi k\u00e4igus avaldatud info:\n<ul>\n<li>Kui k\u00fclastate Sportlandi veebilehte v\u00f5i iseteeninduskeskkonda, kogub ja t\u00f6\u00f6tleb Sportland veebilehe k\u00fclastamise ja kasutamise tulemusena tekkivad andmed, n\u00e4iteks andmed Teie asukoha ja kasutatud seadme kohta, IP-aadress, veebilehe k\u00fclastamise aeg, veebilehel tehtud valikud jms.<\/li>\n<li>Kui v\u00f5tate Sportlandiga \u00fchendust Sportlandi veebilehe, telefoni, e-kirja v\u00f5i sotsiaalmeedia kanalite (Facebook, Instagram, Youtube, Snapchat v\u00f5i muud tulevikus kasutusele v\u00f5etavad kanalid) kaudu, kogub ja t\u00f6\u00f6tleb Sportland suhtluse k\u00e4igus tekkivaid andmeid, n\u00e4iteks Teie e-kirjad, p\u00e4ringud ning muud andmed, mida Te ise meile edastate v\u00f5i avaldate.<\/li>\n<li>Sportland ei kohusta Teid esitama \u00fcleliigseid andmeid, mis pole konkreetse eesm\u00e4rgi saavutamiseks vajalikud. Sportland ei kogu Teie kohta andmeid kolmandatelt isikutelt ega k\u00e4esolevas privaatsuspoliitikas nimetamata avalikest ega mitteavalikest allikatest.<\/li>\n<\/ul>\n<\/li>\n<\/ul>\n<ol start=\"3\">\n<li><strong>MILLISTEL EESM\u00c4RKIDEL JA \u00d5IGUSLIKEL ALUSTEL ME ISIKUANDMEID T\u00d6\u00d6TLEME?<\/strong>\n<ul>\n<li>Sportland kogub ja t\u00f6\u00f6tleb isikuandmeid ainult kindlaksm\u00e4\u00e4ratud \u00f5igusp\u00e4rastel eesm\u00e4rkidel ning siis, kui selleks on \u00f5iguslik alus, pidades alati silmas andmesubjektide huve ja \u00f5igusi ja j\u00e4rgides kehtivaid \u00f5igusakte.<\/li>\n<li>Kui Te k\u00fclastate Sportlandi kauplusi ning ostate Sportlandi tooteid v\u00f5i kasutate Sportlandi teenuseid, kasutame Teilt kogutud andmeid Teiega lepingu s\u00f5lmimiseks ning selle lepingu t\u00e4itmiseks.<\/li>\n<li>Kui olete liitunud Sportlandi lojaalsusprogrammiga, t\u00f6\u00f6tleme Teie isikuandmeid Sportlandi lojaalsusprogrammi \u00fcldtingimustes kirjeldatud eesm\u00e4rkidel ja viisil. Tingimused on k\u00e4ttesaadavad <u>siin<\/u> [link].<\/li>\n<li>Kui taotlete Sportlandi J\u00e4relmaksu, kasutame Teie isikuandmeid Teiega j\u00e4relmaksulepingu s\u00f5lmimiseks ning selle t\u00e4itmiseks, sealhulgas Teie maksev\u00f5ime v\u00e4ljaselgitamiseks, p\u00e4ringu tegemiseks Makseh\u00e4irete registris, vajadusel Teie maksekohustuse t\u00e4itmise tagamiseks ning Teile n\u00f5uete esitamiseks. Samuti edastame Teie andmed j\u00e4relmaksu finantseerijale. Sportlandi J\u00e4relmaksu \u00fcldtingimustega saate tutvuda <a href=\"https:\/\/sportland.ee\/jarelmaks\/\">siin<\/a>.<\/li>\n<li>Kasutame Teie isikuandmeid Teile Sportlandi, Sportlandi gruppi kuuluvate ettev\u00f5tete ning Sportlandi koost\u00f6\u00f6partnerite uudiskirja saatmiseks, kui olete andnud meile selleks n\u00f5usoleku v\u00f5i taotlenud uudiskirja saamist Sportlandi veebilehe kaudu.<\/li>\n<li>Teil on v\u00f5imalik v\u00f5tta Sportlandiga \u00fchendust veebilehe <a href=\"http:\/\/www.sportland.ee\">sportland.ee<\/a> vahendusel, e\u2011kirja teel v\u00f5i l\u00e4bi sotsiaalmeedia, et saata meile s\u00f5numeid v\u00f5i kommentaare, esitada meile k\u00fcsimusi v\u00f5i saata p\u00e4ringuid, liituda uudiskirjaga jne. Sellisel juhul kasutab Sportland Teilt saadud isikuandmeid Teie konkreetsele k\u00fcsimusele v\u00f5i taotlusele vastamiseks. Anon\u00fc\u00fcmseks muudetud teavet v\u00f5ime kasutada oma teenuste v\u00f5i toodete parandamiseks v\u00f5i muudel turunduslikel eesm\u00e4rkidel<strong>.<\/strong><\/li>\n<li>Sportland v\u00f5ib l\u00e4bi oma sotsiaalmeedia kanalite korraldada erinevaid kampaaniaid ja loosimisi. Kui otsustate kampaanias osaleda, t\u00f6\u00f6deldakse Teie isikuandmeid kampaania l\u00e4biviimise eesm\u00e4rgil vastavalt konkreetse kampaania tingimustele, sealhulgas v\u00f5ime sotsiaalmeedia kanali kaudu avalikustada v\u00f5itjate nimesid ning v\u00f5tta v\u00f5itjatega \u00fchendust.<\/li>\n<li><strong>T\u00f6\u00f6le kandideerimine<\/strong>\n<ul>\n<li>Kui kandideerite Sportlandi t\u00f6\u00f6le, t\u00f6\u00f6tleme Teie poolt meile edastatud andmeid, sealhulgas isikuandmeid eesm\u00e4rgiga hinnata Teie sobivust Sportlandi vabale t\u00f6\u00f6kohale.<\/li>\n<li>V\u00f5ime kontrollida Teie esitatud andmete \u00f5igsust v\u00f5i koguda Teie kohta lisaandmeid avalikest allikatest.<\/li>\n<li>Kasutame Teie andmeid kandideerimisprotsessi l\u00e4biviimiseks, sealjuures v\u00f5ime paluda Teil esitada t\u00e4iendavaid andmeid ning vastata k\u00fcsimustele, kutsuda Teid vestlusele ning teha Teile ettepanek t\u00f6\u00f6lepingu s\u00f5lmimiseks.<\/li>\n<li>Teil on \u00f5igus teada, milliseid andmeid Sportland on Teie kohta kogunud, tutvuda Teie kohta kogutud andmetega kehtiva \u00f5iguse alusel.<\/li>\n<li>Valituks osutunud kandidaatide isikuandmeid kasutame t\u00f6\u00f6lepingu s\u00f5lmimiseks ning t\u00e4itmiseks. Vajadusel k\u00fcsime t\u00e4iendavaid andmeid, mis on t\u00f6\u00f6lepingu s\u00f5lmimiseks ja t\u00e4itmiseks vajalikud.<\/li>\n<\/ul>\n<\/li>\n<li><strong>Turvakaamerad <\/strong>\n<ul>\n<li>Osades Sportlandi kauplustes on kasutusel turvakaamerad. Seega palume arvestada, et kui Te k\u00fclastate meie kauplusi, v\u00f5ib Teie kujutis j\u00e4\u00e4da meie turvakaamerate salvestistele. Turvakaamerate kasutamisest on teavitatud vastavate kleebistega.<\/li>\n<li>Turvakaamerate ning nende salvestiste kasutamise ja t\u00f6\u00f6tlemise \u00f5iguslikuks aluseks on Sportlandi \u00f5igustatud huvi kaitsta Sportlandi ning Sportlandi kaupluse k\u00fclastajate vara h\u00e4vimise, kahjustumise v\u00f5i kadumise eest.<\/li>\n<li>Sportland tagab, et turvakaamerate salvestistele on ligip\u00e4\u00e4s ainult piiratud hulgal kindlaksm\u00e4\u00e4ratud isikutel, kes kasutavad salvestisi rangelt ainult siis, kui see on eelnimetatud eesm\u00e4rkidel vajalik.<\/li>\n<li>Sportland kinnitab, et turvakaameraid ei ole kunagi paigaldatud aladele, kus v\u00f5ite eeldada t\u00e4ielikku privaatsust, n\u00e4iteks ei ole turvakaameraid kunagi riietusruumides.<\/li>\n<\/ul>\n<\/li>\n<li><strong>Isikuandmete t\u00f6\u00f6tlemine muudel eesm\u00e4rkidel<\/strong>\n<ul>\n<li>Teatud juhtudel v\u00f5ib Sportland t\u00f6\u00f6delda Teie isikuandmeid ka siis, kui see on vajalik meie seadusest tuleneva kohustuse t\u00e4itmiseks. N\u00e4iteks, teatud juhtudel on meil kohustus s\u00e4ilitada andmeid tulenevalt raamatupidamist v\u00f5i maksustamist reguleerivatest \u00f5igusaktidest.<\/li>\n<li>Sportland v\u00f5ib Teie isikuandmeid kasutada ka k\u00e4esolevas privaatsuspoliitikas nimetamata eesm\u00e4rkidel, kui oleme saanud Teilt selleks eraldi n\u00f5usoleku. Teie n\u00f5usoleku alusel t\u00f6\u00f6tleb Sportland Teie isikuandmeid t\u00e4pselt n\u00f5usolekus kindlaks m\u00e4\u00e4ratud ulatuses ja eesm\u00e4rkidel.<\/li>\n<li>Sportland teeb k\u00f5ik m\u00f5istliku, et isikuandmete t\u00f6\u00f6tlemine toimuks \u00f5igusp\u00e4raselt ja tagatud oleks kogutud isikuandmete turvalisus ning andmekaitsep\u00f5him\u00f5tete j\u00e4rgimine.<\/li>\n<li>Sportland tagab, et isikuandmetele on ligip\u00e4\u00e4s ainult Sportlandi t\u00f6\u00f6tajatel v\u00f5i muudel isikutel, kellele ligip\u00e4\u00e4su v\u00f5imaldamine on vajalik isikuandmete t\u00f6\u00f6tlemise eesm\u00e4rkide elluviimiseks, tulenevalt nende t\u00f6\u00f6\u00fclesannetest v\u00f5i seaduse alusel. K\u00f5ik Sportlandi t\u00f6\u00f6tajad, kes v\u00f5ivad oma t\u00f6\u00f6s puutuda kokku isikuandmetega, on kohustatud hoidma isikuandmeid konfidentsiaalsena.<\/li>\n<\/ul>\n<\/li>\n<\/ul>\n<\/li>\n<\/ol>\n<ol start=\"4\">\n<li><strong>SPORTLANDI VEEBILEHE KASUTAMINE<\/strong>\n<ul>\n<li>Sportlandi veebilehe kaudu on k\u00fclastajatel v\u00f5imalik saada informatsiooni Sportlandi kaupluste, toodete, br\u00e4ndi ning k\u00e4imasolevate kampaaniate kohta, samuti v\u00f5tta meiega \u00fchendust, kandideerida meie juurde t\u00f6\u00f6le ja kasutada teisi veebilehe v\u00f5imalusi.<\/li>\n<li><strong>K\u00fcpsised<\/strong>\n<ul>\n<li>Sportlandi veebilehel kasutatakse k\u00fcpsiseid. K\u00fcpsised on v\u00e4ikesemahulised tekstifailid, mis salvestatakse veebilehitseja vahendusel Teie arvutisse v\u00f5i muusse seadmesse, millega Te veebilehte k\u00fclastate (telefon, tahvelarvuti vms). K\u00fcpsiseid kasutatakse eelk\u00f5ige eesm\u00e4rgiga tagada veebilehek\u00fclgede parem toimine ning mugavam ja isikup\u00e4rasem kasutuskogemus. N\u00e4iteks j\u00e4tavad k\u00fcpsised meelde Teie veebilehel tehtud valikud ja milliseid veebilehti Te olete k\u00fclastanud. K\u00fcpsised ei kogu andmeid ise Teie seadmest ega salvesta isikuandmeid.<\/li>\n<li>Sportlandi veebilehe esmakordsel k\u00fclastamisel teavitatakse teid k\u00fcpsiste kasutamisest. Veebilehe kasutamise j\u00e4tkamisega kinnitate, et olete n\u00f5us k\u00fcpsiste kasutamisega.<\/li>\n<li>Teil on v\u00f5imalik k\u00fcpsiste kasutamine keelata, muutes oma veebilehitseja privaatsusseadeid. V\u00f5ite blokeerida veebilehitsejas k\u00f5ikide k\u00fcpsiste kasutamise, lubada ainult teatud veebilehtede k\u00fcpsiseid v\u00f5i lubada k\u00f5iki k\u00fcpsiseid. Kui keelate k\u00fcpsiste kasutamise, v\u00f5ib juhtuda, et k\u00f5ik veebilehe osad ei toimi korralikult.<\/li>\n<li>Sportlandi veebilehel kasutatakse sessioonik\u00fcpsiseid ja p\u00fcsik\u00fcpsiseid. Ajutised ehk sessioonik\u00fcpsised kustutatakse kasutaja seadmest p\u00e4rast veebilehitseja sulgemist. P\u00fcsik\u00fcpsised salvestuvad seadmesse p\u00e4rast veebilehitseja sulgemist ning s\u00e4ilivad kuni [2 aastat].<\/li>\n<li>Sportlandi veebilehel kasutatakse j\u00e4rgmist liiki k\u00fcpsiseid:<\/li>\n<\/ul>\n<\/li>\n<\/ul>\n<\/li>\n<\/ol>\n<p><strong>H\u00e4davajalikud k\u00fcpsised<\/strong>, mis on v\u00e4ltimatul vajalikud veebilehe kasutamiseks v\u00f5i veebilehe teatud funktsioonide toimimiseks.<br \/>\n<strong>Anal\u00fc\u00fctilised k\u00fcpsised<\/strong>, mis koguvad teavet selle kohta, kui palju meie veebilehte k\u00fclastatakse, kust k\u00fclastajad meie veebilehel j\u00f5uavad jms. Nende abil kogutud teavet kasutame veebilehe kasutamisel tekkivate probleemide tuvastamiseks ning veebilehe kasutuskogemuse parandamiseks.<br \/>\n<strong>Kolmandate osapoolte k\u00fcpsised<\/strong>. Meie veebilehega on seotud teatud sotsiaalmeedia kanalite (Facebook, Instagram) elemendid, mis jagavad meie veebilehele sotsiaalmeedia kanali sisu ning suudavad lugeda nende sotsiaalmeedia kanalite k\u00fcpsiseid ja neid ka Teie seadmesse salvestada. Nende k\u00fcpsiste eesm\u00e4rk v\u00f5ib olla sotsiaalmeedia kanalites esitatavate reklaamide isikup\u00e4rastamine.<\/p>\n<ul>\n<li>\u00dclevaade Sportlandi veebilehel kasutatavatest k\u00fcpsistest:<\/li>\n<\/ul>\n<table>\n<tbody>\n<tr>\n<td><strong>K\u00fcpsis<\/strong><\/td>\n<td>Liik<\/td>\n<td>Eesm\u00e4rk<\/td>\n<\/tr>\n<tr>\n<td>Facebook, Instagram, Youtube, Snapchat<\/td>\n<td>Kolmanda osapoole k\u00fcpsis<\/td>\n<td>Sportlandi veebilehe kaudu on v\u00f5imalik jagada ja lugeda sisu sotsiaalmeedias ning kasutada muid sotsiaalmeedia teenuseid, mida pakuvad kolmandad osapooled. Need sotsiaalmeedia teenuste pakkujad v\u00f5ivad Teie seadmesse salvestada k\u00fcpsiseid l\u00e4bi Sportlandi veebilehe, kui Te olete nende lehek\u00fclgedele juba sisse loginud v\u00f5i kasutate neid l\u00e4bi Sportlandi veebilehe.<\/td>\n<\/tr>\n<tr>\n<td>Google Analytics<\/td>\n<td>Kolmanda osapoole k\u00fcpsis<\/td>\n<td>Google Analytics kasutab k\u00fcpsiseid, et saada teada, millal Te veebilehte esmakordselt k\u00fclastasite, kui tihti Te veebilehte k\u00fclastate ning kui kaua Te veebilehel viibite. Nende k\u00fcpsiste salvestavat teavet n\u00e4evad ainult Sportlandi ja Google asjakohased t\u00f6\u00f6tajad ning see teave ei sisalda konfidentsiaalset informatsiooni ega isikuandmeid. Kasutame Google Analytics k\u00fcpsiseid ka meie veebilehe toimivuse j\u00e4lgimiseks.<\/td>\n<\/tr>\n<tr>\n<td>[AdvertCookie, ChosenSite, CountryRedirectCheckIsDone, newsletterPoppedUp, acceptedCookies, [Website]_AnonymousUserCurrency]<\/td>\n<td>Funktsionaalne<\/td>\n<td>Need k\u00fcpsised j\u00e4tavad meelde Teie valikud ja eelistused ning teavitused, mida Te olete juba n\u00e4inud.<\/td>\n<\/tr>\n<tr>\n<td>[ak_bmsc, TS01a19d95]<\/td>\n<td>Funktsionaalne<\/td>\n<td>Need k\u00fcpsised kaitsevad meie veebilehte pahavara eest.<\/td>\n<\/tr>\n<\/tbody>\n<\/table>\n<ul>\n<li>Sportlandi veebileht sisaldab linke Sportlandi avalikele sotsiaalmeedia kanalitele ning kolmandate osapoolte veebilehtedele. Sportland ei vastuta kolmandate osapoolte veebilehtede sisu ega turvalisuse eest, selle eest vastutavad t\u00e4ielikult nende veebilehtede omanikud. Kui k\u00fclastate mistahes kolmandate osapoolte veebilehti v\u00f5i sotsiaalmeedia lehek\u00fclgi, soovitame tutvuda ka nende privaatsustingimustega.<\/li>\n<li>Kui postitate s\u00f5numeid, pilte v\u00f5i kommentaare Sportlandi avalikele sotsiaalmeedia lehek\u00fclgedele, pidage meeles, et avalikes sotsiaalmeedia kanalites olevat teavet n\u00e4eb iga selle kanali kasutaja ja k\u00fclastaja. \u00c4rge jagage sotsiaalmeedias andmeid, mida Te ei soovi avalikkusele teatavaks teha!<\/li>\n<\/ul>\n<ol start=\"5\">\n<li><strong>ISIKUANDMETE S\u00c4ILITAMINE JA H\u00c4VITAMINE<\/strong>\n<ul>\n<li>Sportland s\u00e4ilitab Teie isikuandmeid nii kaua, kuni see on vajalik selle eesm\u00e4rgi t\u00e4itmiseks, mille alusel need andmed koguti v\u00f5i kuni oleme selleks kohustatud vastavalt seadustele.<\/li>\n<li>Isikuandmete s\u00e4ilitamisel j\u00e4rgib Sportland j\u00e4rgmisi s\u00e4ilitamist\u00e4htaegu:\n<ul>\n<li>Lepingu s\u00f5lmimiseks ja t\u00e4itmiseks kogutud andmeid s\u00e4ilitame seni, kuni neid on vaja seoses lepingu t\u00e4itmisega lepingu kehtivuse jooksul ning p\u00e4rast seda seni, kuni meie lepingulisest suhtest v\u00f5ib veel n\u00f5udeid tekkida, \u00fcldiselt kuni 3 aastat p\u00e4rast lepingu l\u00f5ppemist.<\/li>\n<li>Raamatupidamise algdokumente s\u00e4ilitame 7 aastat.<\/li>\n<li>Turvakaamerate ja telefonik\u00f5nede salvestisi s\u00e4ilitame [1 kuu], kui ei ilmne vajadus s\u00e4ilitada neid pikemalt.<\/li>\n<li>Veebilehtede kaudu tehtud p\u00e4ringute kaudu saadud isikuandmeid s\u00e4ilitame [1 aasta].<\/li>\n<li>K\u00fcpsiste kaudu saadud teavet s\u00e4ilitame kuni [2 aastat].<\/li>\n<li>N\u00f5usoleku alusel kogutud andmeid s\u00e4ilitame \u00fcldiselt kuni n\u00f5usoleku tagasiv\u00f5tmiseni v\u00f5i n\u00f5usoleku k\u00fcsimise k\u00e4igus t\u00e4psustatud ajavahemiku jooksul.<\/li>\n<li>Sportlandi lojaalsusprogrammiga seotud andmeid s\u00e4ilitatakse 24 kuud alates viimasest kliendi andmetega toimunud toimingust.<\/li>\n<li>T\u00f6\u00f6le kandideerinud, kuid valituks mitteosutunud isiku andmeid s\u00e4ilitame 1 aasta.<\/li>\n<\/ul>\n<\/li>\n<li>S\u00e4ilitamist\u00e4htaja m\u00f6\u00f6dumisel kustutatakse j\u00e4\u00e4davalt k\u00f5ik koopiad vastavatest isikuandmetest arvutits\u00fcsteemidest ning vastavaid isikuandmeid sisaldavad elektroonilised dokumendid ja h\u00e4vitatakse isikuandmeid sisaldavad paberdokumendid v\u00f5i muudetakse dokumendid anon\u00fc\u00fcmseks.<\/li>\n<\/ul>\n<\/li>\n<li><strong>ISIKUANDMETE EDASTAMINE<\/strong>\n<ul>\n<li>Sportland v\u00f5ib teatud juhtudel edastada Teie isikuandmeid kolmandatele isikutele Euroopa Majanduspiirkonnas:\n<ul>\n<li>kui olete soovinud uudiskirja saamist, edastame Teie kontaktandmed Sportlandi turunduspartnerile, kes vahendab Teile uudiskirjade saatmist;<\/li>\n<li>kui soovite kasutada Sportlandi J\u00e4relmaksu, edastame Teie andmed j\u00e4relmaksu finantseerijale;<\/li>\n<li>Teie andmetele v\u00f5ivad ligip\u00e4\u00e4su saada Sportlandi IT-tugiteenuste ostutajad seoses Sportlandi kodulehe, iseteeninduskeskkonna ning andmekogude haldamisega;<\/li>\n<li>V\u00f5ime edastada Teie andmeid, mis Te olete Sportlandile edastanud t\u00f6\u00f6le kandideerimise eesm\u00e4rgil, personaliotsingu firmale, kes aitab meid v\u00e4rbamisprotsessi l\u00e4biviimisel;<\/li>\n<li>Sportland v\u00f5ib edastada Teie andmeid emaettev\u00f5tjale ning muudele samasse kontserni kuuluvatele juriidilistele isikutele sisehalduse ning kliendibaasi anal\u00fc\u00fcsi eesm\u00e4rgil;<\/li>\n<li>Sportland v\u00f5ib edastada Teie andmeid ametiasutustele, kui oleme selleks kohustatud vastavalt kehtivatele \u00f5igusaktidele.<\/li>\n<\/ul>\n<\/li>\n<li>Volitatud t\u00f6\u00f6tlejate kasutamisel kasutab Sportland ainult selliseid isikuid, kelle registreeritud asukohad ja andmehoidlad asuvad Euroopa Majanduspiirkonnas ning kes on andnud Sportlandile piisava tagatise, et nad rakendavad asjakohaseid tehnilisi ja korralduslikke meetmeid, et tagada isikuandmete turvaline t\u00f6\u00f6tlemine ning andmekaitse piisav tase Euroopa Liidus kehtivate \u00f5igusaktide kohaselt. K\u00f5ik volitatud t\u00f6\u00f6tlejad on kohustatud hoidma isikuandmeid konfidentsiaalsena.<\/li>\n<li>T\u00e4psema info saamiseks Sportlandi volitatud t\u00f6\u00f6tlejate kohta, v\u00f5tke palun Sportlandiga \u00fchendust allpool peat\u00fckis \u201eKontakt\u201c toodud kontaktandmetel.<\/li>\n<\/ul>\n<\/li>\n<li><strong>TEIE \u00d5IGUSED<\/strong>\n<ul>\n<li>Isikuandmete t\u00f6\u00f6tlemisel on Teil k\u00f5ik kehtivatest \u00f5igusaktidest tulenevad \u00f5igused, eelk\u00f5ige j\u00e4rgmised \u00f5igused:\n<ul>\n<li>\u00d5igus saada informatsiooni isikuandmete t\u00f6\u00f6tlemise kohta \u2013 k\u00e4esolevas privaatsuspoliitikas on antud \u00fcldteave selle kohta, kuidas Sportland t\u00f6\u00f6tleb andmesubjektide isikuandmeid ja milliseid andmeid t\u00f6\u00f6deldakse, t\u00e4psema info saamiseks v\u00f5tke Sportlandiga \u00fchendust.<\/li>\n<li>\u00d5igus juurdep\u00e4\u00e4sule oma isikuandmetele vastavalt kehtivale \u00f5igusele.<\/li>\n<li>\u00d5igus andmete uuendamisele ja parandamisele \u2013 Teil on igal ajal \u00f5igus oma andmeid uuendada ning eba\u00f5igeid andmeid parandada. Isikuandmeid saab uuendada esitades Sportlandile vastava taotluse v\u00f5i ka Sportlandi lojaalsusprogrammi iseteeninduskeskkonnas.<\/li>\n<li>\u00d5igus vastuv\u00e4idete esitamisele \u2013 Teil on \u00f5igus esitada Sportlandile vastuv\u00e4iteid oma isikuandmete t\u00f6\u00f6tlemise suhtes, kui isikuandmete t\u00f6\u00f6tlemine toimub Sportlandi \u00f5igustatud huvi alusel.<\/li>\n<li>\u00d5igus piirata andmete t\u00f6\u00f6tlemist \u2013 Teil on \u00f5igus taotleda, et Sportland piiraks Teie isikuandmete t\u00f6\u00f6tlemist.<\/li>\n<li>\u00d5igus n\u00f5uda isikuandmete kustutamist &#8211; Teil on \u00f5igus taotleda, et Sportland kustutaks Teid puudutavad isikuandmed.<\/li>\n<li>\u00d5igus v\u00f5tta isikuandmete t\u00f6\u00f6tlemiseks antud n\u00f5usolek tagasi &#8211; kui Teie isikuandmete t\u00f6\u00f6tlemine p\u00f5hineb Teie antud n\u00f5usolekul, on Teil igal ajal \u00f5igus Sportlandile antud n\u00f5usolek tagasi v\u00f5tta ning Sportland l\u00f5petab Teie isikuandmete vastaval eesm\u00e4rgil t\u00f6\u00f6tlemise.<\/li>\n<li>\u00d5igus andmete \u00fclekantavusele &#8211; Teil on \u00f5igus saada Sportlandilt isikuandmed, mida olete Sportlandile esitanud, kirjalikult v\u00f5i \u00fcldkasutavas elektroonilises vormingus, ning, kui see on tehniliselt v\u00f5imalik, n\u00f5uda, et Sportland edastaks need andmed kolmandale teenusepakkujale.<\/li>\n<li>\u00d5igus p\u00f6\u00f6rduda n\u00f5ude v\u00f5ib kaebusega Andmekaitse Inspektsiooni poole \u2013 V\u00e4ike-Ameerika 19, 10129 Tallinn, info@aki.ee, <a href=\"http:\/\/www.aki.ee\">aki.ee<\/a>.<\/li>\n<\/ul>\n<\/li>\n<li>Punktides 1.1-7.1.8 nimetatud \u00f5iguste teostamiseks v\u00f5tke palun Sportlandiga \u00fchendust peat\u00fckis \u201eKontakt\u201c toodud kontaktandmetel. Teatud taotluste puhul, mis n\u00f5uavad t\u00e4iendavat juurdep\u00e4\u00e4su v\u00f5i andmet\u00f6\u00f6tlust, v\u00f5ime paluda Teil taotlus esitada digitaalselt allkirjastatult, et meil oleks m\u00f5istlikult v\u00f5imalik taotleja isikusamasus tuvastada. Palun arvestage, et Sportland vastab Teie taotlustele alati nii kiiresti kui v\u00f5imalik, kuid taotlustele ja k\u00fcsimustele vastamine v\u00f5ib meil teatud juhtudel v\u00f5tta aega kuni 30 p\u00e4eva ning Sportland palub Teil varuda kannatust vastuse ootamisel.<\/li>\n<li>Sportland tagab andmesubjektide \u00f5igused vastavalt kehtivale \u00f5igusele. Palun arvestage, et punktides 1.1-7.1.8 nimetatud andmesubjekti \u00f5igused ei ole absoluutsed ja piiramatud \u00f5igused. Teatud juhtudel v\u00f5ivad teiste andmesubjektide v\u00f5i kolmandate isikute \u00f5igused v\u00f5i Sportlandi \u00f5igustatud huvid piirata Teie \u00f5igusi.<\/li>\n<\/ul>\n<\/li>\n<li><strong>PRIVAATSUSPOLIITIKA MUUTMINE JA MUUD TINGIMUSED<\/strong>\n<ul>\n<li>Sportlandil on igal ajal \u00f5igus \u00fchepoolselt muuta privaatsuspoliitika tingimusi. Tingimuste muutmisel avaldatakse uued tingimused Sportlandi veebilehel.<\/li>\n<li>Privaatsuspoliitikale kohaldatakse Eesti Vabariigi \u00f5igust.<\/li>\n<\/ul>\n<\/li>\n<li><strong>KONTAKT<\/strong>\n<ul>\n<li>Mistahes k\u00fcsimuste korral seoses k\u00e4esoleva privaatsuspoliitika tingimustega v\u00f5i sellega, kuidas Sportland Teie isikuandmeid t\u00f6\u00f6tleb, samuti isikuandmete t\u00f6\u00f6tlemisega seotud taotluste v\u00f5i kaebuste esitamiseks, v\u00f5tke palun Sportlandiga \u00fchendust alltoodud kontaktidel.<\/li>\n<\/ul>\n<\/li>\n<\/ol>\n<table>\n<tbody>\n<tr>\n<td><strong>Sportland International Group AS<\/strong><\/td>\n<\/tr>\n<tr>\n<td>aadress: P\u00e4rnu mnt 142a, Tallinn 11317<\/td>\n<\/tr>\n<tr>\n<td>e-post: <a href=\"mailto:info@sportland.ee\">info@sportland.ee<\/a><\/td>\n<\/tr>\n<tr>\n<td>telefon: +372 6 548 434<\/td>\n<\/tr>\n<\/tbody>\n<\/table>\n<p>&nbsp;<\/p>\n","protected":false},"excerpt":{"rendered":"<p>SISSEJUHATUS Tere tulemast tutvuma Sportlandi privaatsuspoliitikaga. K\u00e4esolev privaatsuspoliitika kirjeldab, kuidas Sportland International Group AS (registrikood 10993195, aadress P\u00e4rnu mnt 142a,\u2026<\/p>\n","protected":false},"author":32,"featured_media":0,"parent":0,"menu_order":0,"comment_status":"closed","ping_status":"closed","template":"","meta":{"_acf_changed":false,"footnotes":""},"class_list":["post-29380","page","type-page","status-publish","hentry"],"acf":[],"_links":{"self":[{"href":"https:\/\/sportland.ee\/magazine\/wp-json\/wp\/v2\/pages\/29380","targetHints":{"allow":["GET"]}}],"collection":[{"href":"https:\/\/sportland.ee\/magazine\/wp-json\/wp\/v2\/pages"}],"about":[{"href":"https:\/\/sportland.ee\/magazine\/wp-json\/wp\/v2\/types\/page"}],"author":[{"embeddable":true,"href":"https:\/\/sportland.ee\/magazine\/wp-json\/wp\/v2\/users\/32"}],"replies":[{"embeddable":true,"href":"https:\/\/sportland.ee\/magazine\/wp-json\/wp\/v2\/comments?post=29380"}],"version-history":[{"count":2,"href":"https:\/\/sportland.ee\/magazine\/wp-json\/wp\/v2\/pages\/29380\/revisions"}],"predecessor-version":[{"id":29382,"href":"https:\/\/sportland.ee\/magazine\/wp-json\/wp\/v2\/pages\/29380\/revisions\/29382"}],"wp:attachment":[{"href":"https:\/\/sportland.ee\/magazine\/wp-json\/wp\/v2\/media?parent=29380"}],"curies":[{"name":"wp","href":"https:\/\/api.w.org\/{rel}","templated":true}]}}